4. Calculate the greatest common divisor of v and r.
3
Let x(c) = c - 7. Let h be x(9). Suppose -12 = -j + h*m, 2*j + m = -0*j + 44. What is the highest common factor of j and 10?
10
Let d(x) = 3*x**2 - 3*x - 4. Let z be d(3). Calculate the greatest common factor of z and 126.
14
Suppose -x = -0*x - 6. Let d be 3 + (-3)/1 - -4. Suppose -2*w = 3*l - 7, -w + x + d = -5*l. What is the highest common factor of w and 45?
5
Suppose r = 5*b - 21, -7 = -3*b - 2*r + 3. Let t = 5 - 2. Let f be (-1)/t - 291/(-9). What is the highest common divisor of b and f?
4
Let w be (10 - 2)*(-1)/(3/(-9)). Suppose 2*v + 10 = 26. Calculate the greatest common divisor of w and v.
8
Suppose 6*g = 2*g - 24. Let n = 2 + g. Let t be n/(-14) - 792/(-21). Calculate the highest common factor of 95 and t.
19
Suppose -3*h = -9*h + 84. What is the greatest common divisor of 112 and h?
14
Suppose 32 = 2*r + 4*l, -3*l + 32 = -r + 3*r. Calculate the greatest common divisor of 2 and r.
2
Suppose -g = -l - 656, l + 3*l - 656 = -g. Let y be g/10 - 6/10. Calculate the highest common factor of 26 and y.
13
Let a = -9 + 11. Let l be 1/((-4)/(-80)*a). Calculate the greatest common factor of 10 and l.
10
Suppose 2*o = 2*l + 288, o = 4*o - l - 432. Calculate the highest common factor of o and 16.
16
Suppose a - 6 = 2*w - 2, 0 = 4*a - 2*w - 46. Calculate the greatest common divisor of 2 and a.
2
Suppose 5*w + 3*h = 174, -2*h = -w + 61 - 21. Calculate the greatest common factor of 90 and w.
18
Let s = 34 - -8. Calculate the highest common factor of 105 and s.
21
Let x(i) = i - 3. Let n be x(8). Suppose 4*b - 9 - 21 = -3*g, n*b - 39 = -4*g. Calculate the greatest common divisor of 15 and g.
3
Suppose 3*c - k = 56, -2*c + 17 - 3 = 4*k. Calculate the highest common factor of 153 and c.
17
Let s be (-1)/(5/(-388)) - 51/85. What is the highest common factor of 11 and s?
11
Let m(k) be the third derivative of k**6/120 + k**5/12 + k**4/12 + k**3/3 + 3*k**2. Let p be m(-4). Calculate the highest common factor of 90 and p.
10
Let y be 22 + 2 - (-1 + 2). What is the highest common factor of y and 253?
23
Let l be -1 - 4/((-4)/21). Calculate the greatest common divisor of 16 and l.
4
Suppose 5*y + 2*x = 10, -3*y + 4*x - 5*x + 6 = 0. Calculate the highest common divisor of y and 22.
2
Suppose 3 = -m - 2*m. Let f be (-8 + 1)*m*10. Calculate the greatest common factor of 10 and f.
10
Let p = 6 - 4. Suppose 0 = k - 3*h - 3, 122*h - 29 = -3*k + 127*h. Calculate the highest common factor of p and k.
2
Let j = -11 + 26. Let x(o) = 16*o**2 - 1. Let s be x(-1). Calculate the highest common divisor of s and j.
15
Let a(i) = -i + 15. Let x be a(4). What is the greatest common factor of 33 and x?
11
Let h be (-56)/(-6) + (-7)/21. Let n be 9 - (-1 + 2 - 1). What is the greatest common factor of h and n?
9
Let m(h) = h**3 + 5*h**2 + 5. Let v be m(-4). Let t(w) = w - 7. Let g be t(-5). Let x = v + g. Calculate the greatest common divisor of 1 and x.
1
Let g(p) = -p**3 - 4*p**2 - 2*p - 4. Let j be g(-4). Let v = -1 + j. Suppose -3*s + 15 = f, 5*f - s - v*s = 132. What is the greatest common factor of f and 3?
3
Let k be (2 - 52)/(-2) + -1. Let s(l) = -16*l**2 - 2*l. Let y be s(-10). Let n be y/(-6) - (-2)/3. What is the highest common factor of k and n?
24
Let b = 106 + -323. Let r be b/(-4) - 2/8. Suppose y = 6*y - 30. What is the greatest common divisor of y and r?
6
Suppose 5*f = 3*u - 118, -2*u - 4*f = -3*u + 44. Let k = 50 + -20. Suppose 5*s = n - 3 - 3, -5*s = 5*n - k. Calculate the highest common factor of u and n.
6
Let h be ((-6)/10)/(11/(-110)). Calculate the greatest common factor of 3 and h.
3
Suppose 0*z = 2*z - 84. What is the greatest common factor of z and 63?
21
Let k(y) be the first derivative of 13*y**2/2 - 3*y + 4. Let j be k(2). What is the highest common factor of j and 184?
23
Let m = 23 + -59. Suppose -5*i - 44 = 2*b - i, -3*i + 44 = -2*b. Let f = b - m. Calculate the highest common factor of 7 and f.
7
Let g = 6 - 0. Let x = -3 + g. Suppose -21 + x = -2*z. What is the highest common divisor of z and 18?
9
Let g(x) = 3*x - 19. Let y be g(15). Calculate the highest common factor of 208 and y.
26
Suppose 2*a - 4 = 0, -2*a + 114 = -3*n + 8*n. Let o = 44 - n. Calculate the highest common factor of o and 33.
11
Let b = 19 + -9. Suppose -103 + 263 = 4*z. Calculate the greatest common divisor of b and z.
10
Let i(p) = -p**3 + 5*p**2 - 3*p - 3. Let r(m) = m**2 - 3*m - 6. Let w be r(5). Let h be i(w). What is the highest common factor of 7 and h?
1
Suppose -4*y + 10 = -190. What is the greatest common divisor of y and 20?
10
Let u be 14 + 5/((-20)/8). Calculate the greatest common divisor of u and 36.
12
Suppose 5*n = -0*n. Suppose 2*g - 30 = -5*x - 2*g, 5*x - g - 30 = n. What is the greatest common divisor of 66 and x?
6
Suppose -3*h + 3*x = -39, 24 = 4*h + x + 2*x. Calculate the greatest common factor of h and 18.
9
Suppose 4*v = -5*p + 246, 4*v - 196 = p - 5*p. Let c = 9 - -36. Let i = 65 - c. Calculate the highest common divisor of i and p.
10
Let y(g) = 10*g**2 - 3*g + 3. Let m be y(2). Let f = -17 + m. Calculate the greatest common factor of 40 and f.
20
Let k be (-4)/14 + 536/14. Suppose 3*o = 3*q - 63, 69 = 5*q - 3*o - 32. What is the greatest common factor of k and q?
19
Let u(b) = -30*b - 1. Let v be u(-1). Let f = -17 + v. What is the greatest common divisor of f and 48?
12
Let p(j) = -j**3 + 20*j**2 + 22*j - 11. Let n be p(21). Calculate the greatest common divisor of 4 and n.
2
Let g be (4 + -3)*47 - -1. What is the greatest common factor of g and 128?
16
Let u be 9/6*16/3. Suppose 4*p = -12, -p = 3*h - 26 - 91. Calculate the greatest common factor of h and u.
8
Suppose b = p - 25 + 11, 32 = 2*p - 3*b. Let s(k) = k**2 - 3*k - 3. Let i be s(3). Let w = p + i. Calculate the greatest common divisor of 7 and w.
7
Suppose -4*l + 4*f = -916, -3*f + 1113 = 5*l - 0*f. Calculate the highest common factor of l and 25.
25
Let t = -61 - -73. What is the highest common divisor of 4 and t?
4
Let n be (1/(-2))/((2/1)/(-1036)). What is the highest common divisor of 37 and n?
37
Let c(h) = h**3 - 11*h**2 + 12*h - 8. Let s be c(10). Let n = 26 - 14. What is the highest common divisor of n and s?
12
Let o be (6/(-4))/((-1464)/160 - -9). Let h(b) = 2*b**3 + b**2 - 2*b - 1. Let w be h(2). Calculate the greatest common divisor of o and w.
5
Suppose -3*a = 5*r - 113, 48 = 6*r - 4*r + 4*a. Calculate the highest common factor of 2 and r.
2
Let k be ((-6)/(-5))/(7/175). Suppose k = -2*w + 5*w. Let o = 138 + -68. What is the highest common factor of o and w?
10
Let f = 2 + -2. Suppose -a - 2*m - 3*m + 10 = f, a - 2*m + 18 = 0. Let b be -2*2/a*80. What is the highest common factor of b and 4?
4
Let v(x) = 3*x**3 - x**2 + x - 1. Let b be v(1). Suppose 0 = 5*l - b*d - 20, -2*l - 3*l + 20 = 3*d. Calculate the greatest common factor of 10 and l.
2
Let k = -6 - -4. Let y be (14/(-8))/(k/56). Suppose 3*c = -4*g + y, 2*c - 2*g - 1 = 13. What is the greatest common divisor of 88 and c?
11
Let l be -18*33/(-6) - -3. What is the highest common factor of l and 34?
34
Suppose -5*d - 13 = -2*u, u + 0*u = -d + 17. Let j be ((-6)/4)/(6/(-56)). What is the greatest common factor of j and u?
14
Let j be (-15)/(-2)*84/(-15). Let l = j + 123. Let b be 8 - (0 - 0) - -1. Calculate the highest common factor of l and b.
9
Let x(c) = c**2 + 4. Let u be x(3). Suppose 7*w + 208 = 9*w. What is the greatest common divisor of u and w?
13
Let j(i) = -2*i. Let n be j(-3). What is the greatest common factor of n and 4?
2
Let n = -8 + 13. Let j(g) = -g**2 + 11*g - 4. Let v be j(n). What is the greatest common divisor of v and 52?
26
Suppose 13 = m - 22. Let j = -20 - -6. Let t be ((-30)/m)/(2/j). Calculate the highest common factor of t and 54.
6
Suppose 5*i = 5*w + 120, 16 = 2*i - i + 3*w. Let s(u) = u**3 - 8*u**2 - 4*u - 12. Let j be s(9). What is the highest common factor of j and i?
11
Let j(n) = n**3 - n**2 - 5*n + 7. Let t be j(3). What is the greatest common divisor of t and 40?
10
Suppose -23*u + 8 = -21*u. What is the greatest common divisor of 3 and u?
1
Suppose 2*k + 2*o = -14, 2*k + 4*o = k - 22. Let m(s) = -15*s - 3. Let y be m(k). What is the greatest common divisor of y and 3?
3
Let l(t) = t**3 - 2*t**2 + 5*t + 2. Let k be l(6). Le